{"id":841,"date":"2026-01-22T08:16:06","date_gmt":"2026-01-22T08:16:06","guid":{"rendered":"https:\/\/havaliyatakfiyatlari.com\/?page_id=841"},"modified":"2026-01-22T08:17:16","modified_gmt":"2026-01-22T08:17:16","slug":"hasta-tasima-lifti","status":"publish","type":"page","link":"https:\/\/havaliyatakfiyatlari.com\/?page_id=841","title":{"rendered":"Hasta Ta\u015f\u0131ma Lifti"},"content":{"rendered":"\t\t<div data-elementor-type=\"wp-page\" data-elementor-id=\"841\" class=\"elementor elementor-841\">\n\t\t\t\t<div class=\"elementor-element elementor-element-eb28848 e-flex e-con-boxed e-con e-parent\" data-id=\"eb28848\" data-element_type=\"container\">\n\t\t\t\t\t<div class=\"e-con-inner\">\n\t\t\t\t<div class=\"elementor-element elementor-element-7385946 elementor-widget elementor-widget-medibazar-product-grid\" data-id=\"7385946\" data-element_type=\"widget\" data-widget_type=\"medibazar-product-grid.default\">\n\t\t\t\t<div class=\"elementor-widget-container\">\n\t\t\t\t\t\t\t\r\n\t\t<div class=\"product-area klb-product pb-70\"><div class=\"container\"><div class=\"row mb-30\"><div class=\"col-xl-7 col-lg-7 col-md-7\"><div class=\"section-title mb-30\"><h2>Hasta Ta\u015f\u0131ma Lifti<\/h2><p><\/p><\/div><\/div><div class=\"col-xl-5 col-lg-5 col-md-5\"><div class=\"b-button shop-btn s-btn text-md-right mb-30\"><a href=\"\" > <i class=\"fal fa-long-arrow-right\"><\/i><\/a><\/div><\/div><\/div><div class=\"row\"><div class=\"col-lg-4 col-md-6\"><div class=\"product-03-wrapper grey-2-bg pos-rel text-center mb-30\"><div class=\"product-02-img pos-rel\"><a href=\"https:\/\/havaliyatakfiyatlari.com\/?product=hasta-tasima-lifti\"><img decoding=\"async\" src=\"https:\/\/havaliyatakfiyatlari.com\/wp-content\/uploads\/2026\/01\/hasta-tasima-lifti-2-scaled.jpg\" alt=\"product_img1\"><\/a><div class=\"product-action\"><a href=\"https:\/\/havaliyatakfiyatlari.com\/?product=hasta-tasima-lifti\" aria-describedby=\"woocommerce_loop_add_to_cart_link_describedby_753\" data-quantity=\"1\" class=\"action-btn button product_type_simple\" data-product_id=\"753\" data-product_sku=\"\" aria-label=\"&ldquo;Hasta Ta\u015f\u0131ma Lifti&rdquo; hakk\u0131nda daha fazla bilgi edinin\" rel=\"nofollow\" data-success_message=\"\"><i class=\"far fa-cart-plus\"><\/i><\/a><\/div><\/div><div class=\"product-text\"><h4><a href=\"https:\/\/havaliyatakfiyatlari.com\/?product=hasta-tasima-lifti\">Hasta Ta\u015f\u0131ma Lifti<\/a><\/h4><\/div><\/div><\/div><\/div><div class=\"row\"><div class=\"col-12\"><div class=\"col-md-12\"><\/div><\/div><\/div><\/div><\/div>\t\t\t\t<\/div>\n\t\t\t\t<\/div>\n\t\t\t\t\t<\/div>\n\t\t\t\t<\/div>\n\t\t\t\t<\/div>\n\t\t","protected":false},"excerpt":{"rendered":"<p>Hasta Ta\u015f\u0131ma Lifti Hasta Ta\u015f\u0131ma Lifti<\/p>\n","protected":false},"author":1,"featured_media":0,"parent":0,"menu_order":0,"comment_status":"closed","ping_status":"closed","template":"","meta":{"footnotes":""},"class_list":["post-841","page","type-page","status-publish","hentry"],"_links":{"self":[{"href":"https:\/\/havaliyatakfiyatlari.com\/index.php?rest_route=\/wp\/v2\/pages\/841","targetHints":{"allow":["GET"]}}],"collection":[{"href":"https:\/\/havaliyatakfiyatlari.com\/index.php?rest_route=\/wp\/v2\/pages"}],"about":[{"href":"https:\/\/havaliyatakfiyatlari.com\/index.php?rest_route=\/wp\/v2\/types\/page"}],"author":[{"embeddable":true,"href":"https:\/\/havaliyatakfiyatlari.com\/index.php?rest_route=\/wp\/v2\/users\/1"}],"replies":[{"embeddable":true,"href":"https:\/\/havaliyatakfiyatlari.com\/index.php?rest_route=%2Fwp%2Fv2%2Fcomments&post=841"}],"version-history":[{"count":4,"href":"https:\/\/havaliyatakfiyatlari.com\/index.php?rest_route=\/wp\/v2\/pages\/841\/revisions"}],"predecessor-version":[{"id":845,"href":"https:\/\/havaliyatakfiyatlari.com\/index.php?rest_route=\/wp\/v2\/pages\/841\/revisions\/845"}],"wp:attachment":[{"href":"https:\/\/havaliyatakfiyatlari.com\/index.php?rest_route=%2Fwp%2Fv2%2Fmedia&parent=841"}],"curies":[{"name":"wp","href":"https:\/\/api.w.org\/{rel}","templated":true}]}}